s 13 divide 1066?
True
Does 21 divide 3675?
True
Is 195 a multiple of 13?
True
Is 3 a factor of 1503?
True
Is 558 a multiple of 12?
False
Is 728 a multiple of 26?
True
Is 29 a factor of 7049?
False
Is 5183 a multiple of 30?
False
Does 28 divide 1372?
True
Does 48 divide 12349?
False
Is 844 a multiple of 13?
False
Is 149 a factor of 6109?
True
Does 9 divide 338?
False
Is 1228 a multiple of 69?
False
Is 55 a factor of 15528?
False
Is 19 a factor of 3097?
True
Does 16 divide 928?
True
Does 93 divide 465?
True
Does 13 divide 11931?
False
Is 43 a factor of 655?
False
Is 15213 a multiple of 66?
False
Is 8 a factor of 224?
True
Does 32 divide 1539?
False
Is 36 a factor of 403?
False
Is 14 a factor of 2464?
True
Is 3562 a multiple of 26?
True
Is 33 a factor of 3201?
True
Is 3682 a multiple of 14?
True
Is 28 a factor of 756?
True
Is 4380 a multiple of 20?
True
Does 11 divide 1660?
False
Is 65 a factor of 345?
False
Does 61 divide 5461?
False
Is 3 a factor of 124?
False
Is 33 a factor of 6238?
False
Does 32 divide 448?
True
Is 2 a factor of 2617?
False
Is 30758 a multiple of 169?
True
Is 88 a factor of 57161?
False
Is 3036 a multiple of 92?
True
Is 7943 a multiple of 13?
True
Is 35 a factor of 15793?
False
Is 60 a factor of 27420?
True
Is 4024 a multiple of 9?
False
Does 89 divide 7743?
True
Is 62288 a multiple of 16?
True
Is 39 a factor of 25931?
False
Is 11 a factor of 275?
True
Is 1219 a multiple of 2?
False
Does 16 divide 8152?
False
Is 664 a multiple of 91?
False
Is 25 a factor of 271?
False
Is 15879 a multiple of 18?
False
Is 1936 a multiple of 22?
True
Does 87 divide 10788?
True
Is 195 a multiple of 12?
False
Is 34 a factor of 33363?
False
Does 20 divide 5026?
False
Does 39 divide 1599?
True
Is 44352 a multiple of 231?
True
Does 2 divide 7?
False
Is 7140 a multiple of 35?
True
Is 17 a factor of 33541?
True
Does 46 divide 2208?
True
Is 764 a multiple of 14?
False
Does 5 divide 4230?
True
Does 178 divide 4806?
True
Is 32 a factor of 3724?
False
Is 8775 a multiple of 4?
False
Is 3969 a multiple of 81?
True
Does 12 divide 156879?
False
Is 16 a factor of 2960?
True
Is 20 a factor of 2309?
False
Is 79 a factor of 2496?
False
Is 2712 a multiple of 3?
True
Is 254 a multiple of 17?
False
Is 43230 a multiple of 55?
True
Is 31 a factor of 2267?
False
Is 11 a factor of 1815?
True
Is 6 a factor of 1488?
True
Is 20400 a multiple of 168?
False
Is 133 a factor of 2782?
False
Is 59 a factor of 1612?
False
Is 57 a factor of 13688?
False
Is 10 a factor of 436?
False
Is 3432 a multiple of 10?
False
Is 4 a factor of 188?
True
Does 19 divide 40095?
False
Does 17 divide 13967?
False
Does 26 divide 22984?
True
Is 7 a factor of 852?
False
Is 23408 a multiple of 56?
True
Is 56 a multiple of 28?
True
Is 774 a multiple of 9?
True
Does 19 divide 950?
True
Is 254 a factor of 73809?
False
Is 43 a factor of 1075?
True
Is 13030 a multiple of 5?
True
Is 136 a multiple of 34?
True
Is 184 a multiple of 46?
True
Is 376 a multiple of 8?
True
Is 62 a multiple of 31?
True
Does 3 divide 1062?
True
Is 6804 a multiple of 27?
True
Is 149 a factor of 37548?
True
Is 29 a factor of 1482?
False
Is 18 a factor of 1959?
False
Does 11 divide 800?
False
Is 999 a multiple of 43?
False
Is 117 a factor of 2457?
True
Is 2415 a multiple of 69?
True
Does 307 divide 18083?
False
Is 9435 a multiple of 5?
True
Does 2 divide 781?
False
Is 8 a factor of 2679?
False
Is 489 a multiple of 15?
False
Is 10176 a multiple of 24?
True
Does 98 divide 2548?
True
Does 6 divide 721?
False
Is 9 a factor of 11551?
False
Is 7178 a multiple of 177?
False
Is 12 a factor of 7932?
True
Is 11631 a multiple of 99?
False
Does 17 divide 3621?
True
Does 4 divide 1732?
True
Is 47 a factor of 17484?
True
Is 5 a factor of 237?
False
Is 9 a factor of 8839?
False
Is 117 a factor of 43992?
True
Is 24 a factor of 4248?
True
Is 5 a factor of 370?
True
Is 121 a factor of 6877?
False
Is 52 a factor of 156?
True
Is 32361 a multiple of 201?
True
Does 47 divide 672?
False
Is 3486 a multiple of 28?
False
Is 13 a factor of 11707?
False
Does 72 divide 2952?
True
Is 3 a factor of 240?
True
Does 14 divide 1101?
False
Does 31 divide 9486?
True
Is 17673 a multiple of 43?
True
Is 147 a factor of 10143?
True
Is 12 a factor of 6096?
True
Is 15 a factor of 27750?
True
Does 39 divide 34125?
True
Is 10 a factor of 390?
True
Does 92 divide 2071?
False
Is 2355 a multiple of 38?
False
Is 14 a factor of 8580?
False
Does 3 divide 155?
False
Does 51 divide 14570?
False
Does 10 divide 41?
False
Is 34335 a multiple of 52?
False
Does 3 divide 54?
True
Is 17 a factor of 23766?
True
Is 3 a factor of 356?
False
Does 222 divide 15033?
False
Does 3 divide 341?
False
Is 4521 a multiple of 124?
False
Is 18 a factor of 13104?
True
Is 4247 a multiple of 28?
False
Does 35 divide 108?
False
Does 4 divide 84?
True
Does 121 divide 1210?
True
Does 18 divide 79?
False
Does 3 divide 6?
True
Is 627 a multiple of 62?
False
Is 7620 a multiple of 127?
True
Is 31 a factor of 18314?
False
Is 4935 a multiple of 7?
True
Is 27 a factor of 3405?
False
Is 4 a factor of 6664?
True
Is 34245 a multiple of 42?
False
Does 13 divide 14859?
True
Does 39 divide 5772?
True
Is 1112 a multiple of 8?
True
Does 48 divide 8464?
False
Does 7 divide 275?
False
Does 8 divide 1397?
False
Does 20 divide 53954?
False
Is 12 a factor of 9946?
False
Is 290 a multiple of 5?
True
Is 954 a multiple of 23?
False
Is 13378 a multiple of 4?
False
Is 2629 a multiple of 11?
True
Is 20 a factor of 408?
False
Is 7 a factor of 7014?
True
Is 6461 a multiple of 13?
True
Does 46 divide 368?
True
Is 19285 a multiple of 133?
True
Does 24 divide 10896?
True
Does 6 divide 5946?
True
Does 13 divide 10383?
False
Does 101 divide 101?
True
Does 30 divide 12090?
True
Is 28 a factor of 27594?
False
Does 28 divide 225?
False
Is 26 a factor of 364?
True
Is 2261 a multiple of 17?
True
Does 231 divide 24215?
False
Does 178 divide 85088?
False
Does 5 divide 750?
True
Does 22 divide 2508?
True
Does 9 divide 216?
True
Does 39 divide 31629?
True
Is 98793 a multiple of 122?
False
Does 30 divide 66595?
False
Is 3 a factor of 5991?
True
Is 15 a factor of 13860?
True
Is 7 a factor of 68?
False
Is 34 a factor of 4386?
True
Does 53 divide 1413?
False
Does 13 divide 2483?
True
Does 11 divide 171?
False
Is 3 a factor of 13?
False
Is 27 a factor of 51635?
False
Is 2594 a multiple of 13?
False
Does 13 divide 8359?
True
Does 62 divide 1101?
False
Is 6130 a multiple of 31?
False
Is 13 a factor of 962?
True
Is 7 a factor of 756?
True
Is 81 a factor of 4736?
False
Is 4372 a multiple of 4?
True
Does 5 divide 935?
True
Is 47307 a multiple of 39?
True
Is 69 a factor of 1117?
False
Does 11 divide 1199?
True
Is 123734 a multiple of 42?
False
Does 13 divide 130?
True
Is 937 a multiple of 44?
False
Is 14 a factor of 826?
True
Is 1080 a multiple of 45?
True
Is 986 a multiple of 17?
True
Is 2096 a multiple of 23?
False
Is 1364 a multiple of 62?
True
Is 52 a factor of 2791?
False
Does 52 divide 22429?
False
Does 119 divide 60170?
False
Is 12 a factor of 1303?
False
Does 16 divide 9014?
False
Is 1271 a multiple of 31?
True
Is 5112 a multiple of 12?
True
Is 51 a factor of 12820?
False
Is 63 a factor of 1711?
False
Is 13171 a multiple of 16?
False
Is 10832 a multiple of 7?
False
Does 73 divide 1195?
False
Is 1160 a multiple of 20?
True
Is 20000 a multiple of 40?
True
Does 5 divide 34178?
False
Is 3495 a multiple of 7?
False
Does 8 divide 32760?
True
Is 237 a multiple of 86?
False
Is 3520 a multiple of 165?
False
Is 25 a factor of 13750?
True
Is 370 a multiple of 18?
False
Does 27 divide 26892?
True
Is 9360 a multiple of 6?
True
Is 16301 even?
False
Is 32 a factor of 5792?
True
Is 11 a factor of 3751?
True
Does 18 divide 36?
True
Is 371 a multiple of 35?
False
Is 2 a factor of 1436?
True
Is 3 a factor of 6534?
True
Is 14 a factor of 9603?
False
Is 613 a multiple of 11?
False
Is 6 a factor of 257?
False
Is 14938 a multiple of 11?
True
Does 88 divide 13327?
False
Does 33 divide 9009?
True
Is 1864 a multiple of 23?
False
Is 33 a factor of 2310?
True
Is 3 a factor of 216?
True
Does 15 divide 5775?
True
Is 33 a factor of 1133?
False
Is 7563 a multiple of 80?
False
Is 29 a factor of 566?
False
Is 6050 a multiple of 12?
False
Is 9 a factor of 17675?
False
Is 3572 a multiple of